{"id":3847,"date":"2015-09-07T10:24:01","date_gmt":"2015-09-07T08:24:01","guid":{"rendered":"http:\/\/l-net.net\/?page_id=3847"},"modified":"2016-10-24T16:25:57","modified_gmt":"2016-10-24T14:25:57","slug":"seo-suchmaschinenoptimierung-wiesbaden","status":"publish","type":"page","link":"https:\/\/l-net.net\/index.php\/seo-suchmaschinenoptimierung-wiesbaden\/","title":{"rendered":"<span style=\"font-family:Arial\">Suchmaschinenoptimierung (SEO)<\/span>"},"content":{"rendered":"<pre><span style=\"font-family: 'Arial'; font-size: 0.82em;\"><span style=\"color: #339966;\"><a title=\"Home\" href=\"https:\/\/l-net.net\/\"><span style=\"color: #339966;\">Home<\/span><\/a><\/span> \u00bb <span style=\"color: #000000;\"><a title=\"Webseiten Service\" href=\"https:\/\/l-net.net\/index.php\/l-net-webseiten-service\/\"><span style=\"color: #339966;\">Webseiten Service<\/span><\/a> \u00bb  Suchmaschinenoptimierung (SEO)<\/span><\/span><\/pre>\n<p>&nbsp;<\/p>\n<p>Wenn Sie mehr \u00fcber SEO erfahren m\u00f6chten, besuchen Sie unsere neue Webseite f\u00fcr den Online Marketing Bereich<\/p>\n<p>&nbsp;<\/p>\n<h2 style=\"text-align: center;\"><span style=\" font-family: 'Arial'; color: #339966;\"><a title=\"Zu L-Net.digital: Online Marketing L\u00f6sungen Wiesbaden\" href=\"http:\/\/l-net.digital\/\"><span style=\"color: #339966;\">www.L-Net.digital<\/span><\/a><\/span><\/h2>\n<p>&nbsp;<\/p>\n<p>&nbsp;<\/p>\n","protected":false},"excerpt":{"rendered":"<p>Home \u00bb Webseiten Service \u00bb Suchmaschinenoptimierung (SEO) &nbsp; Wenn Sie mehr \u00fcber SEO erfahren m\u00f6chten, besuchen Sie unsere neue Webseite f\u00fcr den Online Marketing Bereich &nbsp; www.L-Net.digital &nbsp; &nbsp;<\/p>\n","protected":false},"author":1,"featured_media":0,"parent":0,"menu_order":0,"comment_status":"closed","ping_status":"closed","template":"","meta":{"footnotes":""},"class_list":["post-3847","page","type-page","status-publish","hentry"],"_links":{"self":[{"href":"https:\/\/l-net.net\/index.php\/wp-json\/wp\/v2\/pages\/3847","targetHints":{"allow":["GET"]}}],"collection":[{"href":"https:\/\/l-net.net\/index.php\/wp-json\/wp\/v2\/pages"}],"about":[{"href":"https:\/\/l-net.net\/index.php\/wp-json\/wp\/v2\/types\/page"}],"author":[{"embeddable":true,"href":"https:\/\/l-net.net\/index.php\/wp-json\/wp\/v2\/users\/1"}],"replies":[{"embeddable":true,"href":"https:\/\/l-net.net\/index.php\/wp-json\/wp\/v2\/comments?post=3847"}],"version-history":[{"count":48,"href":"https:\/\/l-net.net\/index.php\/wp-json\/wp\/v2\/pages\/3847\/revisions"}],"predecessor-version":[{"id":4363,"href":"https:\/\/l-net.net\/index.php\/wp-json\/wp\/v2\/pages\/3847\/revisions\/4363"}],"wp:attachment":[{"href":"https:\/\/l-net.net\/index.php\/wp-json\/wp\/v2\/media?parent=3847"}],"curies":[{"name":"wp","href":"https:\/\/api.w.org\/{rel}","templated":true}]}}