{"id":2910,"date":"2015-08-14T13:10:33","date_gmt":"2015-08-14T11:10:33","guid":{"rendered":"http:\/\/l-net.net\/?page_id=2910"},"modified":"2017-03-09T13:24:44","modified_gmt":"2017-03-09T11:24:44","slug":"suchmaschinenoptimierung-seo","status":"publish","type":"page","link":"https:\/\/l-net.net\/index.php\/suchmaschinenoptimierung-seo\/","title":{"rendered":"<span style=\"font-family: Arial;\">Suchmaschinenoptimierung (SEO)<\/span>"},"content":{"rendered":"<pre>\u00a0<span style=\"font-family: 'Arial'; font-size: 0.82em;\"><span style=\"color: #339966;\"><a title=\"Home\" href=\"https:\/\/l-net.net\/\"><span style=\"color: #339966;\">Home<\/span><\/a><\/span> \u00bb <span style=\"color: #000000;\"><a title=\"Webseiten Service\" href=\"https:\/\/l-net.net\/?page_id=2753\"><span style=\"color: #339966;\">Webseiten Service<\/span><\/a> \u00bb SEO<\/span><\/span><\/pre>\n<h2><span style=\"font-family: Arial;\">\u00a0L-Net und Suchmaschinenoptimierung (SEO)<\/span><\/h2>\n<p>In der digitalen Welt ist es einfach, viele Menschen zu erreichen, vorausgesetzt Ihre Webseite wird im Netz gefunden.<\/p>\n<p>F\u00fcr Internetnutzer sind Suchmaschinen mit ihrer wachsenden Intelligenz der Anlaufpunkt\u00a0 Nr. 1. im Web. Die meisten User starten ihre Online-Sitzung mit der Eingabe von Suchbegriffen in eine Suchmaschine. Um Vorteile gegen\u00fcber der Konkrrenz zu erzielen, ist daher eine hohe Platzierung in den Suchergebnissen essentiell.<\/p>\n<p>Nutzen Sie unser Know-How und gehen Sie mit Ihrem Internettauftritt hoch hinaus bei Google und Co.<\/p>\n<p>Nur in zwei Schritten tragen wir zur Ihrer Platzierung bei den Suchmaschinen:<\/p>\n<h4><strong><span style=\"font-family: Arial;\">Schritt 1.\u00a0 Website Analyse<\/span><\/strong><\/h4>\n<p>Mit einer profesionellen Analyse pr\u00fcfen wir den Aktuellen Stand und Potenziale Ihrer Webseite, um sie dementsprechend zu verbessern und nachhaltig profitabel zu machen. Die Analyse kann je nach Bedarf einmalig oder regelm\u00e4\u00dfig erfolgen.<\/p>\n<p>Gepr\u00fcft werden:<\/p>\n<ul>\n<li>Technische Umsetzung<\/li>\n<li>Inhalte<\/li>\n<li>externe Faktoren (Backlinks)<\/li>\n<li>Usability (Benutzerfreundlichkeit)<\/li>\n<\/ul>\n<p>&nbsp;<\/p>\n<h4><strong><span style=\"font-family: Arial;\">Schritt 2.\u00a0 SEO Ma\u00dfnahmen<\/span><\/strong><\/h4>\n<p>SEO ist eine Wissenschaft f\u00fcr sich. Doch keine Sorge,\u00a0 unser Wissen \u00fcber die Kunst der Suchmaschinenoptimierung haben wir in vielen Projekten aufbauen und erweitern k\u00f6nnen. Unsere Erfahrungen m\u00f6chten wir mit Ihnen teilen und Sie unterst\u00fctzen.<img loading=\"lazy\" decoding=\"async\" class=\"alignright wp-image-3824 size-medium\" title=\"L-Net Wiesbaden SEO-Suchergebnisse Ranking\" src=\"https:\/\/l-net.net\/wp-content\/uploads\/2015\/08\/L-Net-Wiesbaden-SEO-Suche-300x279.jpg\" alt=\"L-Net Wiesbaden SEO-Suche\" width=\"300\" height=\"279\" srcset=\"https:\/\/l-net.net\/wp-content\/uploads\/2015\/08\/L-Net-Wiesbaden-SEO-Suche-300x279.jpg 300w, https:\/\/l-net.net\/wp-content\/uploads\/2015\/08\/L-Net-Wiesbaden-SEO-Suche.jpg 548w\" sizes=\"auto, (max-width: 300px) 100vw, 300px\" \/><\/p>\n<p>Diese Ma\u00dfnahmen f\u00fchren wir f\u00fcr Sie durch:<\/p>\n<ul>\n<li>\u00a0OnPage Optimierung<\/li>\n<li>\u00a0OffPage Optimierung<\/li>\n<li>\u00a0Keywords Recherche<\/li>\n<li>\u00a0Mitbewerberanalyse<\/li>\n<li>\u00a0Regelm\u00e4\u00dfige Betreuung<\/li>\n<\/ul>\n<p>&nbsp;<\/p>\n<table style=\"height: 50px;\" border=\"\" width=\"478\" bgcolor=\"#CCFFFF\">\n<tbody>\n<tr>\n<td width=\"247\">\n<p style=\"text-align: center;\"><span style=\"font-family: Arial;\">Wir bringen Ihre Webseite nach oben bei Google &amp; Co.!<\/span><\/p>\n<\/td>\n<\/tr>\n<\/tbody>\n<\/table>\n","protected":false},"excerpt":{"rendered":"<p>\u00a0Home \u00bb Webseiten Service \u00bb SEO \u00a0L-Net und Suchmaschinenoptimierung (SEO) In der digitalen Welt ist es einfach, viele Menschen zu erreichen, vorausgesetzt Ihre Webseite wird im Netz gefunden. F\u00fcr Internetnutzer sind Suchmaschinen mit ihrer wachsenden Intelligenz der Anlaufpunkt\u00a0 Nr. 1. im Web. Die meisten User starten ihre Online-Sitzung mit der Eingabe von Suchbegriffen in eine [&hellip;]<\/p>\n","protected":false},"author":1,"featured_media":0,"parent":0,"menu_order":0,"comment_status":"closed","ping_status":"closed","template":"","meta":{"footnotes":""},"class_list":["post-2910","page","type-page","status-publish","hentry"],"_links":{"self":[{"href":"https:\/\/l-net.net\/index.php\/wp-json\/wp\/v2\/pages\/2910","targetHints":{"allow":["GET"]}}],"collection":[{"href":"https:\/\/l-net.net\/index.php\/wp-json\/wp\/v2\/pages"}],"about":[{"href":"https:\/\/l-net.net\/index.php\/wp-json\/wp\/v2\/types\/page"}],"author":[{"embeddable":true,"href":"https:\/\/l-net.net\/index.php\/wp-json\/wp\/v2\/users\/1"}],"replies":[{"embeddable":true,"href":"https:\/\/l-net.net\/index.php\/wp-json\/wp\/v2\/comments?post=2910"}],"version-history":[{"count":108,"href":"https:\/\/l-net.net\/index.php\/wp-json\/wp\/v2\/pages\/2910\/revisions"}],"predecessor-version":[{"id":4475,"href":"https:\/\/l-net.net\/index.php\/wp-json\/wp\/v2\/pages\/2910\/revisions\/4475"}],"wp:attachment":[{"href":"https:\/\/l-net.net\/index.php\/wp-json\/wp\/v2\/media?parent=2910"}],"curies":[{"name":"wp","href":"https:\/\/api.w.org\/{rel}","templated":true}]}}