{"id":217,"date":"2014-06-17T14:00:32","date_gmt":"2014-06-17T12:00:32","guid":{"rendered":"http:\/\/l-netwbn.bplaced.net\/wordpress\/?page_id=217"},"modified":"2023-03-16T16:57:51","modified_gmt":"2023-03-16T14:57:51","slug":"l-net-unternehmensprofil","status":"publish","type":"page","link":"https:\/\/l-net.net\/index.php\/l-net-unternehmensprofil\/","title":{"rendered":"<span style=\"font-family:Arial\">Unternehmensprofil<\/span>"},"content":{"rendered":"<pre> <span style=\"color: #339966;\"><a title=\"Home\" href=\"https:\/\/l-net.net\/\"><span style=\"color: #339966;\"><span style=\"font-family: 'Arial'; font-size: 0.82em;\"> Home<\/span><\/span><\/a><\/span> \u00bb <span style=\"color: #339966;\"><a title=\"Unternehmen\" href=\"https:\/\/l-net.net\/index.php\/l-net-unternehmen\/\"><span style=\"color: #339966;\"><span style=\"font-family: 'Arial'; font-size: 0.82em;\">Unternehmen<\/span><\/span><\/a><\/span> <span style=\"font-family: 'Arial'; font-size: 0.82em;\">\u00bb <span style=\"color: #000000;\">Unternehmensprofil<\/span><\/span><\/pre>\n<p>&nbsp;<\/p>\n<h3><strong><span style=\"font-family: Arial;\">Wir f\u00fcr Sie:<\/span><\/strong><\/h3>\n<p><span style=\"font-family: Arial;\">Im Zentrum unserer \u00dcberlegungen stehen Ihre Ziele. Wir helfen Ihnen, Ihre Effizienz zu steigern und die Mitarbeiterproduktivit\u00e4t zu optimieren. Priorit\u00e4t hat hierbei f\u00fcr uns, den maximalen Nutzen f\u00fcr Sie zu schaffen.<\/span><\/p>\n<p><span style=\"font-family: Arial;\">Unsere Leidenschaft gilt HCL Notes Domino (ehemals IBM Notes Domino). Wir haben alle wesentlichen Evolutionsstufen von Lotus Notes bzw. IBM Notes (von Version 3 bis 12) aktiv miterlebt und f\u00fcr unsere Kunden effizient mitgestaltet. Darauf sind wir stolz!<\/span><\/p>\n<p><span style=\"font-family: Arial;\">Eine gute Sache ruht meist auf vielen Schultern. Unsere Mitarbeiter\/innen sind ausgebildete Fachkr\u00e4fte mit entsprechenden Zertifizierungen. Aus gemeinsamen Ideen erarbeiten sie innovative <span style=\"color: #008000;\"><a title=\"Beispielprojekte Lotus Notes\" href=\"https:\/\/l-net.net\/index.php\/beispielprojekte\/\"><span style=\"color: #008000;\">L\u00f6sungen<\/span><\/a><\/span> f\u00fcr Sie.<\/span><\/p>\n<p><span style=\"font-family: Arial;\">Neben unseren Kernkompetenzen bieten wir Ihnen au\u00dferdem weitere <span style=\"color: #008000;\"><a title=\"L-Net IT-Dienstleistungen\" href=\"https:\/\/l-net.net\/index.php\/lotus-notes-dienstleistungen\/\"><span style=\"color: #008000;\">IT-Dienstleistungen<\/span><\/a>, <span style=\"color: #000000;\">die den Aufbau und die Erweiterung Ihrer IT-Umgebung erm\u00f6glichen. Sie erhalten von uns auch hier kompetente Hilfestellung.<\/span><\/span><\/span><\/p>\n<p><span style=\"color: #008000;\"><a title=\"L-Net Flyer\" href=\"https:\/\/l-net.net\/wp-content\/uploads\/2023\/03\/L-Net-Informationssysteme-GmbH_Flyer.pdf\" target=\"_blank\" rel=\"noopener\"><span style=\"color: #339966;\"><span style=\"color: #339966;\"><u>Zu unserem Flyer<\/u><\/span><\/span><\/a><\/span><\/p>\n","protected":false},"excerpt":{"rendered":"<p>Home \u00bb Unternehmen \u00bb Unternehmensprofil &nbsp; Wir f\u00fcr Sie: Im Zentrum unserer \u00dcberlegungen stehen Ihre Ziele. Wir helfen Ihnen, Ihre Effizienz zu steigern und die Mitarbeiterproduktivit\u00e4t zu optimieren. Priorit\u00e4t hat hierbei f\u00fcr uns, den maximalen Nutzen f\u00fcr Sie zu schaffen. Unsere Leidenschaft gilt HCL Notes Domino (ehemals IBM Notes Domino). Wir haben alle wesentlichen Evolutionsstufen [&hellip;]<\/p>\n","protected":false},"author":1,"featured_media":0,"parent":0,"menu_order":0,"comment_status":"closed","ping_status":"open","template":"","meta":{"footnotes":""},"class_list":["post-217","page","type-page","status-publish","hentry"],"_links":{"self":[{"href":"https:\/\/l-net.net\/index.php\/wp-json\/wp\/v2\/pages\/217","targetHints":{"allow":["GET"]}}],"collection":[{"href":"https:\/\/l-net.net\/index.php\/wp-json\/wp\/v2\/pages"}],"about":[{"href":"https:\/\/l-net.net\/index.php\/wp-json\/wp\/v2\/types\/page"}],"author":[{"embeddable":true,"href":"https:\/\/l-net.net\/index.php\/wp-json\/wp\/v2\/users\/1"}],"replies":[{"embeddable":true,"href":"https:\/\/l-net.net\/index.php\/wp-json\/wp\/v2\/comments?post=217"}],"version-history":[{"count":105,"href":"https:\/\/l-net.net\/index.php\/wp-json\/wp\/v2\/pages\/217\/revisions"}],"predecessor-version":[{"id":5940,"href":"https:\/\/l-net.net\/index.php\/wp-json\/wp\/v2\/pages\/217\/revisions\/5940"}],"wp:attachment":[{"href":"https:\/\/l-net.net\/index.php\/wp-json\/wp\/v2\/media?parent=217"}],"curies":[{"name":"wp","href":"https:\/\/api.w.org\/{rel}","templated":true}]}}